7327 is divided by 733.
730
Calculate the remainder when 141762 is divided by 23.
13
Calculate the remainder when 67422 is divided by 5618.
6
What is the remainder when 16752 is divided by 5580?
12
What is the remainder when 117196 is divided by 383?
381
Calculate the remainder when 1808301 is divided by 41.
37
What is the remainder when 549782 is divided by 3332?
2
Calculate the remainder when 21092 is divided by 293.
289
What is the remainder when 6828 is divided by 112?
108
What is the remainder when 42423 is divided by 2650?
23
Calculate the remainder when 8883 is divided by 341.
17
What is the remainder when 53133 is divided by 102?
93
What is the remainder when 1819 is divided by 415?
159
What is the remainder when 19438 is divided by 69?
49
Calculate the remainder when 18810 is divided by 128.
122
What is the remainder when 1748 is divided by 106?
52
What is the remainder when 13151 is divided by 4363?
62
Calculate the remainder when 918 is divided by 10.
8
Calculate the remainder when 946086 is divided by 9.
6
What is the remainder when 3068 is divided by 74?
34
Calculate the remainder when 22855 is divided by 382.
317
Calculate the remainder when 107119 is divided by 80.
79
Calculate the remainder when 4024 is divided by 286.
20
What is the remainder when 10945 is divided by 150?
145
Calculate the remainder when 83885 is divided by 6967.
281
Calculate the remainder when 7801 is divided by 101.
24
Calculate the remainder when 5635 is divided by 167.
124
Calculate the remainder when 147308 is divided by 66.
62
What is the remainder when 2040 is divided by 59?
34
Calculate the remainder when 753 is divided by 50.
3
Calculate the remainder when 10426 is divided by 10376.
50
What is the remainder when 768813 is divided by 57?
54
What is the remainder when 8424 is divided by 525?
24
Calculate the remainder when 575747 is divided by 41124.
11
Calculate the remainder when 742696 is divided by 247552.
40
Calculate the remainder when 44472 is divided by 1235.
12
Calculate the remainder when 58602 is divided by 111.
105
Calculate the remainder when 180464 is divided by 3281.
9
Calculate the remainder when 1032794 is divided by 45.
44
Calculate the remainder when 46602 is divided by 239.
236
What is the remainder when 9378 is divided by 7097?
2281
Calculate the remainder when 8255 is divided by 276.
251
Calculate the remainder when 2918 is divided by 223.
19
What is the remainder when 66618 is divided by 176?
90
Calculate the remainder when 86662 is divided by 24.
22
What is the remainder when 50985 is divided by 12738?
33
What is the remainder when 6989 is divided by 1192?
1029
Calculate the remainder when 28226 is divided by 83.
6
What is the remainder when 13369 is divided by 166?
89
Calculate the remainder when 14536 is divided by 7095.
346
Calculate the remainder when 83661 is divided by 16732.
1
What is the remainder when 2576540 is divided by 21?
8
What is the remainder when 43117 is divided by 88?
85
What is the remainder when 14821 is divided by 353?
348
What is the remainder when 4132 is divided by 175?
107
Calculate the remainder when 5713 is divided by 1480.
1273
Calculate the remainder when 6677760 is divided by 14.
12
What is the remainder when 411 is divided by 22?
15
Calculate the remainder when 1028200 is divided by 73.
68
What is the remainder when 3728 is divided by 373?
371
What is the remainder when 5874 is divided by 2936?
2
What is the remainder when 13319 is divided by 1181?
328
What is the remainder when 2262 is divided by 82?
48
Calculate the remainder when 384336 is divided by 62.
60
Calculate the remainder when 8210 is divided by 13.
7
Calculate the remainder when 229885 is divided by 204.
181
What is the remainder when 77939 is divided by 6?
5
Calculate the remainder when 70498 is divided by 758.
4
Calculate the remainder when 66519 is divided by 687.
567
What is the remainder when 4877 is divided by 4818?
59
What is the remainder when 293343 is divided by 97780?
3
Calculate the remainder when 11770 is divided by 641.
232
Calculate the remainder when 40807 is divided by 346.
325
What is the remainder when 4995 is divided by 2431?
133
Calculate the remainder when 85946 is divided by 248.
138
What is the remainder when 13837 is divided by 1138?
181
Calculate the remainder when 1478 is divided by 368.
6
What is the remainder when 62293 is divided by 8?
5
Calculate the remainder when 84052 is divided by 95.
72
Calculate the remainder when 6713 is divided by 519.
485
Calculate the remainder when 1364 is divided by 533.
298
What is the remainder when 17513 is divided by 329?
76
Calculate the remainder when 20314 is divided by 37.
1
Calculate the remainder when 84242 is divided by 145.
142
What is the remainder when 3559 is divided by 474?
241
What is the remainder when 34417 is divided by 81?
73
Calculate the remainder when 19466 is divided by 1313.
1084
Calculate the remainder when 5360 is divided by 41.
30
Calculate the remainder when 72076 is divided by 53.
49
Calculate the remainder when 7943 is divided by 3971.
1
Calculate the remainder when 10242 is divided by 148.
30
Calculate the remainder when 8510 is divided by 98.
82
What is the remainder when 13872 is divided by 815?
17
Calculate the remainder when 9918 is divided by 187.
7
Calculate the remainder when 270898 is divided by 45.
43
Calculate the remainder when 398379 is divided by 14.
9
What is the remainder when 266545 is divided by 50?
45
Calculate the remainder when 17062 is divided by 29.
10
What is the remainder when 302168 is divided by 14388?
20
What is the remainder when 5491 is divided by 239?
233
Calculate the remainder when 4364 is divided by 335.
9
Calculate the remainder when 6979 is divided by 132.
115
What is the remainder when 56659 is divided by 14160?
19
What is the remainder when 47618 is divided by 15872?
2
Calculate the remainder when 4255 is divided by 187.
141
What is the remainder when 14762 is divided by 936?
722
What is the remainder when 19549 is divided by 52?
49
Calculate the remainder when 69348 is divided by 122.
52
What is the remainder when 18225 is divided by 9087?
51
Calculate the remainder when 7067 is divided by 61.
52
Calculate the remainder when 4114 is divided by 1379.
1356
What is the remainder when 30906 is divided by 1817?
17
Calculate the remainder when 1094235 is divided by 44.
43
What is the remainder when 13256 is divided by 695?
51
What is the remainder when 1640 is divided by 53?
50
Calculate the remainder when 7450 is divided by 90.
70
Calculate the remainder when 30820 is divided by 550.
20
What is the remainder when 3395 is divided by 109?
16
Calculate the remainder when 8331 is divided by 691.
39
What is the remainder when 2102 is divided by 953?
196
Calculate the remainder when 137692 is divided by 137690.
2
What is the remainder when 15832 is divided by 15808?
24
Calculate the remainder when 1694 is divided by 807.
80
Calculate the remainder when 3875 is divided by 710.
325
Calculate the remainder when 106610 is divided by 326.
8
Calculate the remainder when 188890 is divided by 33.
31
Calculate the remainder when 2774 is divided by 23.
14
Calculate the remainder when 326039 is divided by 988.
987
Calculate the remainder when 6266 is divided by 253.
194
What is the remainder when 60113 is divided by 60102?
11
What is the remainder when 177370 is divided by 368?
362
What is the remainder when 33009 is divided by 16481?
47
Calculate the remainder when 8782 is divided by 2806.
364
Calculate the remainder when 1090 is divided by 846.
244
What is the remainder when 7686 is divided by 256?
6
Calculate the remainder when 1255 is divided by 161.
128
Calculate the remainder when 59918 is divided by 749.
747
What is the remainder when 16303 is divided by 5291?
430
What is the remainder when 4759 is divided by 1174?
63
What is the remainder when 7169946 is divided by 129?
126
What is the remainder when 1244 is divided by 1213?
31
Calculate the remainder when 540 is divided by 37.
22
What is the remainder when 42924 is divided by 116?
4
What is the remainder when 12187601 is divided by 286?
283
Calculate the remainder when 7345 is divided by 776.
361
What is the remainder when 21031 is divided by 421?
402
Calculate t